n divisor of 1816 and 24.
8
What is the highest common divisor of 776 and 32?
8
Calculate the highest common divisor of 34 and 1054.
34
Calculate the greatest common factor of 17 and 272.
17
Calculate the greatest common factor of 210 and 40.
10
Calculate the greatest common divisor of 4784 and 208.
208
Calculate the greatest common factor of 332 and 4.
4
Calculate the greatest common divisor of 354 and 2537.
59
What is the highest common divisor of 114 and 5738?
38
What is the highest common divisor of 1144 and 440?
88
What is the greatest common factor of 14824 and 272?
136
Calculate the greatest common divisor of 116 and 1682.
58
Calculate the highest common factor of 22629 and 171.
57
What is the highest common factor of 323 and 57?
19
What is the highest common divisor of 689 and 212?
53
What is the greatest common divisor of 1424 and 16?
16
Calculate the highest common factor of 11 and 649.
11
Calculate the greatest common divisor of 418 and 44.
22
What is the greatest common divisor of 312 and 184?
8
What is the highest common divisor of 6618 and 12?
6
What is the greatest common divisor of 50 and 110?
10
What is the greatest common divisor of 50 and 475?
25
What is the highest common divisor of 216 and 32?
8
What is the greatest common divisor of 6164 and 536?
268
What is the greatest common divisor of 47 and 5969?
47
Calculate the greatest common factor of 741 and 78.
39
What is the greatest common divisor of 15 and 1555?
5
Calculate the greatest common divisor of 3764 and 20.
4
Calculate the greatest common divisor of 55 and 495.
55
Calculate the highest common divisor of 120 and 480.
120
What is the greatest common divisor of 38 and 494?
38
What is the greatest common factor of 11 and 8261?
11
What is the greatest common factor of 2750 and 10?
10
Calculate the greatest common divisor of 82 and 1394.
82
What is the greatest common factor of 43 and 1?
1
What is the greatest common factor of 8799 and 42?
21
What is the highest common divisor of 37 and 296?
37
Calculate the greatest common divisor of 270 and 15174.
54
Calculate the highest common factor of 10 and 4870.
10
Calculate the highest common divisor of 28 and 100.
4
Calculate the greatest common divisor of 627 and 11.
11
Calculate the greatest common divisor of 2178 and 11858.
242
What is the highest common divisor of 221 and 425?
17
What is the highest common divisor of 68 and 10?
2
Calculate the greatest common factor of 22 and 4950.
22
What is the greatest common divisor of 221 and 52?
13
Calculate the greatest common divisor of 672 and 784.
112
Calculate the greatest common factor of 2 and 35.
1
Calculate the greatest common divisor of 28 and 18956.
28
What is the greatest common divisor of 716 and 4?
4
What is the highest common divisor of 1242 and 46?
46
Calculate the greatest common factor of 48 and 3120.
48
What is the greatest common factor of 671 and 308?
11
Calculate the highest common factor of 168 and 210.
42
What is the greatest common factor of 50 and 4705?
5
Calculate the greatest common divisor of 20 and 15.
5
What is the greatest common factor of 824 and 8?
8
Calculate the greatest common factor of 1040 and 390.
130
What is the greatest common divisor of 2496 and 96?
96
Calculate the highest common factor of 152 and 440.
8
What is the greatest common divisor of 42 and 98?
14
What is the greatest common divisor of 88 and 1012?
44
What is the highest common divisor of 4354 and 4043?
311
Calculate the highest common factor of 134 and 18358.
134
Calculate the highest common divisor of 1250 and 50.
50
What is the highest common divisor of 775 and 310?
155
Calculate the greatest common divisor of 320 and 100.
20
Calculate the highest common divisor of 591 and 3.
3
Calculate the highest common factor of 184 and 8.
8
Calculate the greatest common factor of 43 and 645.
43
Calculate the highest common factor of 248 and 424.
8
Calculate the highest common factor of 70 and 2240.
70
Calculate the highest common factor of 3998 and 2.
2
Calculate the highest common factor of 378 and 351.
27
Calculate the highest common divisor of 12604 and 137.
137
What is the greatest common divisor of 192 and 640?
64
Calculate the highest common divisor of 234 and 18.
18
Calculate the highest common divisor of 28 and 3402.
14
Calculate the highest common divisor of 70 and 2135.
35
What is the highest common factor of 160 and 10?
10
What is the greatest common divisor of 38 and 494?
38
Calculate the highest common divisor of 973 and 7.
7
What is the greatest common factor of 50 and 1325?
25
What is the highest common factor of 240 and 6?
6
Calculate the greatest common factor of 504 and 18.
18
Calculate the highest common factor of 34 and 799.
17
Calculate the highest common factor of 17 and 1139.
17
Calculate the highest common divisor of 14220 and 36.
36
What is the highest common factor of 52 and 1404?
52
Calculate the highest common factor of 4 and 3360.
4
Calculate the greatest common factor of 153 and 221.
17
What is the greatest common divisor of 228 and 19?
19
Calculate the highest common divisor of 12600 and 14.
14
What is the greatest common divisor of 11 and 3641?
11
Calculate the greatest common divisor of 394 and 2.
2
What is the highest common factor of 45 and 50?
5
What is the highest common divisor of 142 and 1207?
71
What is the greatest common divisor of 104 and 3016?
104
Calculate the highest common divisor of 5165 and 5.
5
What is the greatest common divisor of 53 and 1219?
53
What is the highest common divisor of 832 and 91?
13
What is the greatest common divisor of 186 and 30?
6
Calculate the highest common factor of 60 and 6980.
20
Calculate the highest common divisor of 261 and 774.
9
Calculate the greatest common divisor of 1159 and 61.
61
What is the greatest common factor of 11826 and 162?
162
What is the highest common divisor of 87 and 1015?
29
What is the greatest common factor of 61 and 427?
61
Calculate the greatest common factor of 684 and 19.
19
What is the greatest common factor of 364 and 416?
52
Calculate the highest common divisor of 312 and 24.
24
Calculate the greatest common factor of 368 and 12328.
184
Calculate the highest common factor of 45 and 330.
15
What is the highest common divisor of 20 and 335?
5
Calculate the highest common divisor of 55 and 704.
11
Calculate the highest common factor of 4 and 12588.
4
What is the greatest common factor of 308 and 231?
77
What is the greatest common divisor of 264 and 4?
4
What is the highest common factor of 4410 and 4998?
294
Calculate the greatest common divisor of 1221 and 33.
33
What is the greatest common factor of 21 and 15?
3
What is the highest common divisor of 158 and 49138?
158
What is the highest common divisor of 81 and 15669?
9
What is the greatest common divisor of 342 and 494?
38
What is the highest common factor of 52 and 104?
52
What is the highest common factor of 18 and 3141?
9
Calculate the greatest common divisor of 793 and 61.
61
Calculate the greatest common divisor of 3160 and 40.
40
What is the highest common divisor of 100 and 1150?
50
What is the greatest common factor of 51 and 5151?
51
What is the highest common divisor of 56 and 364?
28
Calculate the highest common divisor of 656 and 48.
16
What is the greatest common factor of 630 and 42?
42
Calculate the greatest common factor of 3 and 167.
1
Calculate the highest common factor of 47 and 2585.
47
What is the greatest common factor of 43 and 70649?
43
What is the greatest common factor of 15822 and 54?
54
What is the greatest common divisor of 11 and 2211?
11
Calculate the highest common factor of 42 and 654.
6
What is the highest common divisor of 23 and 575?
23
What is the greatest common divisor of 6817 and 17?
17
Calculate the highest common divisor of 2343 and 33.
33
Calculate the greatest common divisor of 56 and 14.
14
Calculate the greatest common divisor of 245 and 196.
49
Calculate the highest common factor of 9 and 1707.
3
What is the highest common divisor of 806 and 620?
62
What is the greatest common divisor of 16 and 12?
4
What is the highest common factor of 21393 and 27?
9
What is the highest common divisor of 18 and 90?
18
What is the highest common factor of 1744 and 64?
16
Calculate the highest com